
What is the remainder when 214684 is divided by 60?
4
Calculate the remainder when 456 is divided by 215.
26
Calculate the remainder when 662 is divided by 50.
12
What is the remainder when 5918 is divided by 24?
14
What is the remainder when 359162 is divided by 93?
89
Calculate the remainder when 6789 is divided by 372.
93
Calculate the remainder when 99284 is divided by 43.
40
What is the remainder when 166042 is divided by 30?
22
What is the remainder when 48898 is divided by 24449?
0
Calculate the remainder when 297786 is divided by 8.
2
What is the remainder when 38840 is divided by 12638?
926
What is the remainder when 180948 is divided by 517?
515
What is the remainder when 4380 is divided by 486?
6
Calculate the remainder when 8238 is divided by 18.
12
What is the remainder when 8812 is divided by 2132?
284
Calculate the remainder when 1332 is divided by 185.
37
Calculate the remainder when 6227 is divided by 1276.
1123
Calculate the remainder when 24367 is divided by 2406.
307
Calculate the remainder when 2219 is divided by 153.
77
What is the remainder when 17686 is divided by 592?
518
What is the remainder when 8767 is divided by 2191?
3
What is the remainder when 414614 is divided by 211?
210
What is the remainder when 382462 is divided by 128?
126
Calculate the remainder when 14021 is divided by 51.
47
What is the remainder when 842988 is divided by 168595?
13
Calculate the remainder when 940 is divided by 833.
107
Calculate the remainder when 3698 is divided by 739.
3
What is the remainder when 41963 is divided by 524?
43
Calculate the remainder when 71629 is divided by 5964.
61
Calculate the remainder when 11038 is divided by 53.
14
Calculate the remainder when 306956 is divided by 311.
310
What is the remainder when 28342 is divided by 832?
54
What is the remainder when 3817 is divided by 244?
157
What is the remainder when 56932 is divided by 69?
7
What is the remainder when 891 is divided by 408?
75
What is the remainder when 5266 is divided by 85?
81
Calculate the remainder when 30432 is divided by 15189.
54
Calculate the remainder when 41719 is divided by 245.
69
Calculate the remainder when 196278 is divided by 5.
3
Calculate the remainder when 128603 is divided by 17.
15
What is the remainder when 1200 is divided by 220?
100
What is the remainder when 21815 is divided by 7229?
128
Calculate the remainder when 2673 is divided by 135.
108
Calculate the remainder when 7394 is divided by 13.
10
What is the remainder when 402513 is divided by 19?
17
What is the remainder when 6334 is divided by 3038?
258
What is the remainder when 4124977 is divided by 9?
7
What is the remainder when 20227 is divided by 238?
235
Calculate the remainder when 17649 is divided by 1334.
307
Calculate the remainder when 1564 is divided by 916.
648
What is the remainder when 19436 is divided by 198?
32
What is the remainder when 38091 is divided by 434?
333
What is the remainder when 446563 is divided by 111634?
27
Calculate the remainder when 691878 is divided by 98.
96
What is the remainder when 52637 is divided by 227?
200
Calculate the remainder when 101378 is divided by 327.
8
Calculate the remainder when 7964 is divided by 3179.
1606
What is the remainder when 12855 is divided by 103?
83
Calculate the remainder when 10484 is divided by 364.
292
What is the remainder when 93022 is divided by 30997?
31
Calculate the remainder when 22887 is divided by 41.
9
Calculate the remainder when 66930 is divided by 374.
358
What is the remainder when 25410 is divided by 8470?
0
What is the remainder when 170177 is divided by 6?
5
Calculate the remainder when 23470 is divided by 1380.
10
What is the remainder when 2423 is divided by 4?
3
Calculate the remainder when 54673 is divided by 16.
1
Calculate the remainder when 1187 is divided by 68.
31
What is the remainder when 5431 is divided by 28?
27
Calculate the remainder when 30211 is divided by 73.
62
Calculate the remainder when 159959 is divided by 76.
55
What is the remainder when 114049 is divided by 50?
49
What is the remainder when 8312 is divided by 298?
266
What is the remainder when 19891 is divided by 116?
55
What is the remainder when 2854 is divided by 57?
4
What is the remainder when 34806 is divided by 6960?
6
What is the remainder when 11212 is divided by 1349?
420
What is the remainder when 19657 is divided by 1306?
67
What is the remainder when 158144 is divided by 549?
32
Calculate the remainder when 79373 is divided by 245.
238
What is the remainder when 261739 is divided by 47?
43
Calculate the remainder when 2430 is divided by 128.
126
Calculate the remainder when 2914 is divided by 2896.
18
Calculate the remainder when 982 is divided by 191.
27
What is the remainder when 33444 is divided by 446?
440
What is the remainder when 134859 is divided by 435?
9
What is the remainder when 8157 is divided by 130?
97
What is the remainder when 4064 is divided by 365?
49
What is the remainder when 134848 is divided by 13?
12
What is the remainder when 64760 is divided by 243?
122
Calculate the remainder when 1602347 is divided by 78.
71
Calculate the remainder when 40676 is divided by 12.
8
Calculate the remainder when 1884 is divided by 146.
132
Calculate the remainder when 17985 is divided by 5144.
2553
Calculate the remainder when 35535 is divided by 75.
60
Calculate the remainder when 1080445 is divided by 294.
289
What is the remainder when 963534 is divided by 64235?
9
Calculate the remainder when 182910 is divided by 57.
54
What is the remainder when 13480 is divided by 6737?
6
What is the remainder when 33626 is divided by 6725?
1
What is the remainder when 1324967 is divided by 185?
182
What is the remainder when 4067 is divided by 187?
140
Calculate the remainder when 43129 is divided by 583.
570
What is the remainder when 65089 is divided by 35?
24
Calculate the remainder when 142962 is divided by 128.
114
What is the remainder when 6032 is divided by 114?
104
Calculate the remainder when 32391 is divided by 96.
39
Calculate the remainder when 99771 is divided by 12467.
35
Calculate the remainder when 1197 is divided by 642.
555
What is the remainder when 126009 is divided by 232?
33
Calculate the remainder when 13872 is divided by 60.
12
What is the remainder when 255286 is divided by 762?
16
Calculate the remainder when 17516 is divided by 182.
44
What is the remainder when 10917 is divided by 19?
11
Calculate the remainder when 49714 is divided by 436.
10
What is the remainder when 32093 is divided by 698?
683
Calculate the remainder when 709 is divided by 698.
11
Calculate the remainder when 4860 is divided by 692.
16
Calculate the remainder when 54011 is divided by 370.
361
What is the remainder when 123624 is divided by 177?
78
Calculate the remainder when 6203 is divided by 1026.
47
What is the remainder when 119132 is divided by 183?
182
What is the remainder when 1667 is divided by 76?
71
Calculate the remainder when 25156 is divided by 6285.
16
Calculate the remainder when 91178 is divided by 99.
98
Calculate the remainder when 2457 is divided by 1445.
1012
Calculate the remainder when 69325 is divided by 521.
32
Calculate the remainder when 1051686 is divided by 418.
416
Calculate the remainder when 25956 is divided by 605.
546
Calculate the remainder when 89238 is divided by 312.
6
What is the remainder when 5043 is divided by 1659?
66
Calculate the remainder when 412273 is divided by 278.
277
What is the remainder when 2680 is divided by 29?
12
Calculate the remainder when 561 is divided by 378.
183
What is the remainder when 877 is divided by 9?
4
Calculate the remainder when 1283396 is divided by 184.
180
Calculate the remainder when 29050 is divided by 146.
142
What is the remainder when 63648 is divided by 335?
333
Calculate the remainder when 2657 is divided by 676.
629
Calculate the remainder when 25605 is divided by 143.
8
Calculate the remainder when 9403 is divided by 79.
2
What is the remainder when 685359 is divided by 54?
45
What is the remainder when 1163 is divided by 23?
13
What is the remainder when 15730 is divided by 114?
112
Calculate the remainder when 1976 is divided by 889.
198
What is the remainder when 5779 is divided by 120?
19
What is the r